1541 a prime number?
True
Is 1513 prime?
False
Is 18167 prime?
False
Is 644169 a prime number?
False
Is 150193 a composite number?
False
Is 26051 a composite number?
True
Is 2939 a prime number?
True
Is 52267 a composite number?
False
Is 3896243 a composite number?
True
Is 620203 prime?
False
Is 1993069 a prime number?
False
Is 42022 a prime number?
False
Is 25195 a composite number?
True
Is 4049 a prime number?
True
Is 565 composite?
True
Is 751 prime?
True
Is 18805 a composite number?
True
Is 129793 a prime number?
True
Is 3559247 a composite number?
False
Is 1597 composite?
False
Is 4889 a composite number?
False
Is 66911 a composite number?
True
Is 15389 a prime number?
False
Is 23263 a composite number?
True
Is 18743 prime?
True
Is 883481 a prime number?
False
Is 31829 composite?
True
Is 332603 prime?
False
Is 6497 composite?
True
Is 475327 prime?
True
Is 85465 composite?
True
Is 50357 a prime number?
False
Is 72269 a prime number?
True
Is 667 composite?
True
Is 6769 a composite number?
True
Is 233131 a prime number?
False
Is 317117 a prime number?
False
Is 121517 a prime number?
False
Is 14662 a composite number?
True
Is 191 a composite number?
False
Is 7993 a composite number?
False
Is 484019 prime?
True
Is 137759 a composite number?
True
Is 261871 a prime number?
False
Is 33461 a composite number?
False
Is 2229797 a prime number?
False
Is 164471 a prime number?
True
Is 369407 composite?
False
Is 442199 prime?
False
Is 3299 composite?
False
Is 319471 prime?
False
Is 13094 prime?
False
Is 7978 a composite number?
True
Is 20507 prime?
True
Is 5669 composite?
False
Is 904261 a prime number?
True
Is 14693 prime?
False
Is 7003 composite?
True
Is 512759 composite?
True
Is 1199051 a prime number?
False
Is 9517 a composite number?
True
Is 23781 composite?
True
Is 104639 composite?
False
Is 2127 composite?
True
Is 10831 a prime number?
True
Is 31907 composite?
False
Is 64937 a composite number?
False
Is 62977 prime?
False
Is 13843 a composite number?
True
Is 789077 a composite number?
False
Is 777365 a prime number?
False
Is 16561 composite?
False
Is 10369 a composite number?
False
Is 99865 a composite number?
True
Is 73121 prime?
True
Is 29891 prime?
False
Is 40217 a prime number?
False
Is 17597 a composite number?
False
Is 2789 prime?
True
Is 197203 a prime number?
True
Is 261223 composite?
False
Is 18731 composite?
False
Is 458657 prime?
False
Is 136111 a composite number?
False
Is 345133 prime?
True
Is 2585931 composite?
True
Is 21145 a composite number?
True
Is 178631 a prime number?
False
Is 142819 prime?
False
Is 10487 prime?
True
Is 49535 a prime number?
False
Is 5102 composite?
True
Is 188059 composite?
True
Is 78467 prime?
True
Is 36247 prime?
False
Is 3953333 a composite number?
True
Is 796339 a composite number?
False
Is 103577 a composite number?
False
Is 9274 a composite number?
True
Is 7769 prime?
False
Is 252191 a composite number?
True
Is 97711 composite?
False
Is 221245 composite?
True
Is 1511 a prime number?
True
Is 341423 a composite number?
False
Is 1487769 composite?
True
Is 12603 a composite number?
True
Is 362693 a prime number?
True
Is 253769 a prime number?
True
Is 4409 prime?
True
Is 416069 composite?
True
Is 15889 a prime number?
True
Is 533 a composite number?
True
Is 20129 composite?
False
Is 6326 composite?
True
Is 202107 a composite number?
True
Is 31991 a prime number?
True
Is 842378 a composite number?
True
Is 63229 a prime number?
False
Is 398857 a composite number?
False
Is 1980877 composite?
False
Is 119389 a prime number?
True
Is 7093 a composite number?
True
Is 69623 a composite number?
False
Is 16741 prime?
True
Is 22219 composite?
True
Is 97891 a prime number?
False
Is 889 prime?
False
Is 4721165 prime?
False
Is 6247 a composite number?
False
Is 2819 a composite number?
False
Is 202341 a prime number?
False
Is 275089 composite?
True
Is 421501 prime?
True
Is 2243 prime?
True
Is 358766 a composite number?
True
Is 13901 a prime number?
True
Is 65495 composite?
True
Is 111713 prime?
False
Is 554079 prime?
False
Is 11549 composite?
False
Is 3827 composite?
True
Is 69959 prime?
True
Is 8889 a composite number?
True
Is 189533 a composite number?
True
Is 387935 a prime number?
False
Is 453617 composite?
False
Is 745 composite?
True
Is 2767 a prime number?
True
Is 12202 a composite number?
True
Is 37841 composite?
True
Is 4399 a composite number?
True
Is 110311 prime?
True
Is 2163423 composite?
True
Is 99001 prime?
False
Is 5345 a composite number?
True
Is 5893 a composite number?
True
Is 65613 a composite number?
True
Is 203413 prime?
False
Is 224377 a prime number?
False
Is 7383721 composite?
False
Is 40423 a composite number?
False
Is 50023 a composite number?
False
Is 255709 prime?
True
Is 587381 prime?
True
Is 27799 a prime number?
True
Is 12847 composite?
True
Is 69709 prime?
True
Is 487933 composite?
False
Is 938018 a prime number?
False
Is 584677 composite?
False
Is 363799 a prime number?
True
Is 570277 a composite number?
True
Is 21857 a prime number?
False
Is 3779 prime?
True
Is 5227 composite?
False
Is 15503 composite?
True
Is 1621 a prime number?
True
Is 6599 a prime number?
True
Is 18947 a composite number?
False
Is 130069 a prime number?
True
Is 28895 composite?
True
Is 345547 prime?
True
Is 337397 a composite number?
False
Is 685885 prime?
False
Is 31435 a prime number?
False
Is 40453 a composite number?
True
Is 92951 composite?
False
Is 180743 prime?
False
Is 1651 a composite number?
True
Is 9323 prime?
True
Is 802439 prime?
False
Is 3221 a composite number?
False
Is 662177 a composite number?
False
Is 121405 a prime number?
False
Is 1271 composite?
True
Is 10079 a prime number?
True
Is 18391 a composite number?
True
Is 2439715 prime?
False
Is 133253 prime?
True
Is 190121 a composite number?
False
Is 348305 a prime number?
False
Is 2458 prime?
False
Is 49643 a prime number?
False
Is 17133 a composite number?
True
Is 1065443 a composite number?
True
Is 3387971 composite?
False
Is 1213 prime?
True
Is 37537 a prime number?
True
Is 1637 prime?
True
Is 68767 prime?
True
Is 361939 prime?
False
Is 313241 composite?
False
Is 1386551 prime?
True
Is 12047 a prime number?
False
Is 2208581 a composite number?
False
Is 298999 prime?
True
Is 361271 composite?
False
Is 6611 a prime number?
False
Is 457321 composite?
True
Is 1580047 composite?
True
Is 12323 composite?
False
Is 3277 a composite number?
True
Is 1252697 a prime number?
False
Is 158959 composite?
False
Is 21083 composite?
True
Is 238711 a prime number?
False
Is 1345997 a prime number?
True
Is 26801 composite?
False
Is 14183 a prime number?
False
Is 7647 prime?
False
Is 46301 composite?
False
Is 30335 a prime number?
False
Is 1240867 a prime number?
False
Is 166 composite?
True
Is 589021 composite?
False
Is 3271 composite?
False
Is 9029 a prime number?
True
Is 10831 composite?
False
Is 3491 composite?
False
Is 2707 prime?
True
Is 226511 composite?
False
Is 389651 a composite number?
False
Is 13309 composite?
False
Is 161065 prime?
False
Is 14474 composite?
True
Is 390314 a composite number?
True
Is 15901 composite?
False
Is 5471 a composite number?
False
Is 54869 a composite number?
False
Is 15971 prime?
True
Is 2356507 composite?
True
Is 278665 a composite number?
True
Is 240197 a composite number?
False
Is 119 composite?
True
Is 5347 a prime number?
True
Is 24281 composite?
False
Is 78401 composite?
False
Is 98491 a prime number?
True
Is 11597 prime?
True
Is 8111 a prime number?
True
Is 54037 a composite number?
False
Is 3833 prime?
True
Is 49919 composite?
False
Is 1187 prime?
True
Is 178307 a composite number?
False
Is 8465 prime?
False
Is 19661 prime?
True
Is 35681 a prime number?
False
Is 40045 a composite number?
True
Is 1144271 a prime number?
True
Is 346162 a prime number?
False
Is 21341 a composite number?
False
Is 1682363 a composite number?
False
Is 1059 composite?
True
Is 8402 composite?
True
Is 452779 a prime number?
False
Is 53561 composite?
True
Is 6287 a composite number?
False
Is 16183 a composite number?
False
Is 3505 composite?
True
Is 93713 a prime number?
False
Is 77151 a composite number?
True
Is 11047 a composite number?
False
Is 812849 a composite number?
False
Is 512537 a prime number?
True
Is 2537141 a prime number?
True